ose -s + 4*m + 71 = -48, -3*m + 84 = s. Suppose -o - 3*b = 2*b - 47, -2*o - 3*b = -66. What is the highest common divisor of o and s?
9
Let i be -2 + -2 + -2 + (5 - (4 + -85)). Calculate the greatest common divisor of 610 and i.
10
Suppose 0 = -16*d + 14*d + 16. Suppose -5*o + 457 = -d. Let w = -68 + o. Calculate the highest common divisor of 5 and w.
5
Suppose 50*u = 40*u + 1820. Let w = u + -164. What is the greatest common factor of w and 6?
6
Let n(i) = 18*i**2 - i + 23. Let o be n(-5). Let q be ((-18)/(-117) - 123/39) + o. What is the highest common divisor of q and 76?
19
Suppose -3*v + 709 - 4108 = -3*o, 3*v = 9. Calculate the highest common factor of o and 64.
16
Suppose -15677 = -202*k - 3677 + 2544. What is the greatest common factor of k and 1776?
24
Suppose -3*w - 37 = -5*l, -3*l - 796*w + 63 = -791*w. Calculate the highest common divisor of l and 28501.
11
Let x be 1/(17/(-2)) + (-396522)/(-2142). Let t be (518/(-49))/(2/(-14)). Calculate the greatest common divisor of t and x.
37
Let k(w) = 3*w**2 + w - 84. Let l be k(6). Calculate the greatest common divisor of 366 and l.
6
Suppose 0 = 5*v - 0*v - 15. Suppose 5*h = -2*a + 33, 4*h = v*a + 5 + 3. Calculate the highest common factor of 55 and h.
5
Suppose 2*u - 2 = -23*i + 26*i, -3*u = -5*i - 2. Suppose -1214 = -u*t - 566. What is the highest common factor of t and 216?
54
Let n = -35187 - -35202. Calculate the greatest common divisor of n and 15525.
15
Suppose -2230 = -4*c - 6*y + y, 0 = 2*c + y - 1106. What is the greatest common factor of 88 and c?
22
Let u(a) = -3294*a - 101. Let h be u(-1). What is the greatest common divisor of 124 and h?
31
Let g(r) = 26*r + 580. Let z be g(-22). What is the greatest common factor of z and 278?
2
Suppose -121*c = -116*c. Suppose c = -16*m + 13*m - 45. Let k(v) = -v - 1. Let a be k(m). Calculate the highest common divisor of 42 and a.
14
Let t be (-7 - (-40)/6)/((-2)/36). Suppose -t*f - f = -5964. Suppose -4*v - 6*c = -3*c - f, -1064 = -5*v - 4*c. What is the greatest common factor of v and 27?
27
Let k be (-7)/((-1)/1)*-86. Let q = -410 - k. Calculate the greatest common divisor of 48 and q.
48
Suppose 3*i - 116 = 3*g - 1001, -7*g - 2*i + 2002 = 0. What is the greatest common divisor of 138 and g?
6
Let b = 7326 + -1867. What is the greatest common divisor of b and 103?
103
Suppose 824134 = 50*n + 55*n - 1568186. Calculate the greatest common divisor of n and 89.
89
Let t be (4608/(-252))/((-4)/826). Calculate the greatest common factor of 64 and t.
64
Let s(b) = -b**3 + 10*b**2 + 4*b - 25. Let l be s(9). What is the greatest common divisor of 3634 and l?
46
Suppose 42*c + 174 = 32*c + 97*c. Calculate the highest common factor of c and 14.
2
Let k be (-58)/(-551) - (-2 - 2046/57). What is the highest common divisor of 114 and k?
38
Let t = 7371 - 7356. Calculate the highest common divisor of 15 and t.
15
Let a(o) = 67*o**2 + 178*o + 26. Let z be a(-13). What is the greatest common divisor of 130 and z?
65
Suppose -70 = 13*j - 96. What is the highest common divisor of 81 and j?
1
Suppose -2*z - 3*v - 8 = 0, -z - v = -3*z + 8. Suppose 22 = z*x - 64. What is the greatest common divisor of x and 387?
43
Let p = -42458 - -60920. What is the greatest common factor of 1448 and p?
362
Let z = 1248 + 231. Let b(m) = 19359*m + 251754. Let t be b(-13). Calculate the highest common factor of z and t.
87
Suppose 1376 = 304*x - 272*x. Calculate the greatest common divisor of x and 6407.
43
Let b(w) = -3*w + 472. Let v be b(-31). What is the greatest common divisor of v and 791?
113
Let q(b) = 1386*b - 6193. Let t be q(6). What is the highest common divisor of 77 and t?
11
Suppose 0 = -t + g - 11, g = -t + 9 - 22. Let x be (-18)/((-394)/616 - t/21). What is the highest common divisor of x and 48?
24
Let g = -180 + 50. Let o = -114 - g. Suppose -34 + o = -2*x. What is the highest common factor of x and 27?
9
Suppose o - 18 = 2*o. Let k = 43 + o. Suppose -20 = 5*c + 3*i - 185, 0 = -c + i + k. What is the greatest common divisor of 45 and c?
15
Let l(m) = -m**2 - 8*m + 7. Let v be l(-6). Suppose q - 2*w - v = 0, 7*q + 5*w = 5*q + 47. What is the highest common factor of q and 12?
3
Suppose -310 = 2*b + 2*c - 1010, -1799 = -5*b + 2*c. Calculate the greatest common divisor of 646 and b.
17
Let s(f) = -217 + 0*f**2 - 3*f + f**2 + 170. Let a be s(11). Let l be (-1)/(2 - a/20). Calculate the greatest common divisor of l and 30.
10
Let g be (-38)/(-8) - (-42)/(-56). Suppose g*j = -j + 320. Suppose -q = 3*o - j, 4*o + 6*q - 96 = 2*q. Calculate the highest common factor of o and 8.
4
Suppose 63874 = 171*b + 101*b - 172766. Calculate the highest common divisor of 150 and b.
30
Let b be (-2852)/3*(1 - 5/2). Suppose -5*t - s + b = 0, -t - 3*t + 5*s = -1135. Calculate the highest common factor of 114 and t.
57
Let s be -4 + -67 + 3 + -4. Let g = s - -103. Suppose g = 2*a + 11. What is the highest common factor of a and 90?
10
Suppose -8*u + 3208 = 3*w - 4*u, 5*u = 5*w - 5405. Calculate the greatest common divisor of w and 2421.
269
Let h(p) = 2*p**3 - 48*p**2 + 58*p - 68. Let c be h(23). What is the greatest common factor of 64 and c?
16
Let n be (6/15)/(18/540). Calculate the highest common factor of n and 468.
12
Let i be 1 - -1*(22 - -1). Suppose -4*t - 2*h = -636, 4*h = -4*t + 2*t + 336. What is the greatest common divisor of t and i?
12
Suppose 0 = 4*v + 200 - 180, b = 5*v + 12463. Calculate the highest common divisor of 18 and b.
18
Suppose -61 = t - w - 126, -155 = -3*t - 5*w. Suppose 0 = -g + 2 + 18. What is the highest common divisor of t and g?
20
Let b be 2359/10 - (-184)/1840. Calculate the greatest common divisor of b and 2950.
118
Suppose g - 361 = -5*t, 2*t = 5*g + 50 + 89. Suppose -2*z + 157 = -d + 83, 4*z - 138 = -3*d. Calculate the greatest common factor of t and z.
36
Let r = -17 - -7. Let u be ((-54)/r)/((-12)/(-60)). Let n = u - 23. What is the highest common factor of n and 8?
4
Let n = -3 + 15. Suppose 2*r + 55 + 127 = 0. Let b = r - -109. Calculate the greatest common factor of b and n.
6
Let t = 410 - 401. What is the greatest common factor of t and 81?
9
Let h(d) = -d**3 - 73*d**2 + 391*d + 393. Let s be h(-78). Calculate the highest common divisor of s and 1323.
63
Let c(m) = m**3 + 6*m**2 - 3 + 3*m - 4 + 4. Let l be c(-5). Let q(b) = -b**2 - 13*b + 9. Let a be q(-5). Calculate the greatest common factor of a and l.
7
Let k = 290 + -287. Suppose 534 + 306 = k*n. Calculate the highest common divisor of n and 56.
56
Suppose -q + 28 = -3*p + 15, 3*p = -q - 5. What is the highest common divisor of 1538 and q?
2
Let c be (-196)/(-42) - 4/6. Suppose 3*v = -9, l = -c*l - 3*v + 101. Suppose -1232 = 9*h - 25*h. Calculate the greatest common factor of h and l.
11
Suppose -s - 326 = 6*z - 4*z, -z - 162 = s. Let k = z - -176. Let w be -1*(2 - 1)*-3. Calculate the greatest common factor of k and w.
3
Let t = -79 - -59. Let l be (-6)/(-4) + 11 + (-3950)/t. Calculate the highest common factor of 140 and l.
70
Let j(o) = 207*o + 6108. Let z be j(-28). What is the greatest common factor of 30 and z?
6
Let p = 5934 + -5841. Calculate the highest common divisor of p and 3.
3
Suppose 6875 = 69*f - 14*f. What is the greatest common divisor of f and 3025?
25
Let d(l) be the first derivative of l**4/4 - 8*l**3/3 - 10*l**2 + 15*l - 79. Let p be d(10). What is the greatest common divisor of p and 3?
3
Let x(p) = -323*p + 9798. Let m be x(30). What is the highest common divisor of m and 428?
4
Suppose 0 = -2*w + 3*m + 13, 3*w - 5*m - 21 = 0. Suppose 2*j = -w*b + 92, -5*j + 13*b = 14*b - 246. What is the highest common divisor of 750 and j?
50
Let y = -11514 - -11521. Calculate the highest common factor of 875 and y.
7
Suppose 97*s = 7406 + 839. Calculate the highest common divisor of s and 115.
5
Let a = 161 + -136. Suppose -u = -8*g + 6*g - 5, -5*u + a = 4*g. Calculate the greatest common factor of u and 35.
5
Suppose 4340 = 3*t - 4*y, 384 = 2*t + 2*y - 2486. Suppose -14*s = -t - 156. What is the highest common divisor of 266 and s?
38
Let m(a) = -10 - 4 - 3*a**2 - 28 + 4*a**2 - 8*a. Let l be m(13). Calculate the highest common divisor of l and 161.
23
Suppose -475426 = -30*p - 32037 + 524741. Calculate the greatest common factor of 93 and p.
93
Suppose 191671*q -